ose -w*m + 2646 = m. Suppose 0 = -5*a - 4*a + m. What is the units digit of a?
9
Let m = 7 + -20. Let k = m - -32. What is the units digit of k?
9
Suppose -6*c = -c - 15. Suppose 3*t - j - c = -t, 33 = 4*t + 5*j. Suppose -53 = -5*i - 2*v, t*v = 5*i + 3 - 60. What is the units digit of i?
1
Let y be (-306)/(-4) + 7/(-14). Let f = 110 - y. What is the tens digit of f?
3
Let s = 13 - 37. What is the tens digit of 4/s - (-746)/12?
6
Suppose -2*t + 3*m + 973 + 1894 = 0, -3*t = -2*m - 4313. What is the tens digit of t?
4
Suppose 4*s = s - 15. Let o = s - -21. What is the tens digit of o/56 - (-276)/14?
2
Let f be (-5)/7 - (-2)/(-7). Let y = 3 + f. Suppose -4*z - y*j + 76 = 6, 85 = 3*z - 5*j. What is the units digit of z?
0
What is the units digit of 4/((-8)/14)*(-14 + -9)?
1
Suppose -4*g = -3*q + 25 + 3, 2*g - 4 = -3*q. Suppose -2*j - 3*l - q = -1, -3*j + l = -1. What is the units digit of -1*(j - 1 - 2)?
3
Let c(u) = -u + 9. Let f(j) = j**2 - 8*j + 7. Let w be f(3). Let v = 4 + w. What is the tens digit of c(v)?
1
Suppose 5*z - 2042 = 3*h + 2113, 4*z = 5*h + 3337. What is the tens digit of z?
2
Let j(a) = -a**3 - a**2 - a - 17. Let i be j(0). Let d = i - -21. Suppose b - 22 = c, c + 2 + 92 = d*b. What is the units digit of b?
4
Let g(u) = 6*u + 4 - u**2 - 2 + 14*u - u. What is the tens digit of g(9)?
9
Let q = 71 - 66. Suppose -l + 5*o + 483 = 2*l, 5*l - q*o - 815 = 0. What is the tens digit of l?
6
Let w(d) = 4*d**2 - 13*d + 39. What is the units digit of w(4)?
1
Suppose 9*h + 2082 = -798. Let m = h - -506. What is the tens digit of m?
8
Suppose 2*w + m = 506, 7*w - 3*w - 3*m = 1032. What is the units digit of w?
5
Let h(c) = -c**3 - 7*c**2 - 5*c + 6. Let f = -32 - -25. What is the tens digit of h(f)?
4
Let z = -515 + 893. Let i = 8 - 5. What is the tens digit of i/12 + z/24?
1
Suppose 14 = 8*p - 2. What is the units digit of p - (8 - 8)/(-1 - 1)?
2
Let x = 7612 - 4197. What is the hundreds digit of x?
4
Let y(w) = 12*w - 13. Let q(k) = -25*k + 25. Let j(x) = 2*q(x) + 5*y(x). Let a be j(6). Suppose -5*r + a + 20 = 0. What is the tens digit of r?
1
Suppose f + 0*f + 2 = 0. What is the tens digit of 6149/121 + f/(-11)?
5
Let x = -23 + 25. What is the tens digit of ((-8)/(-28))/(x/(409 + -3))?
5
Let i(j) = 807*j**2 + 13*j + 7. What is the units digit of i(-1)?
1
Let k(c) = -c**3 + 2. Suppose -3*v - 3*m = -m + 4, 2*v = m + 2. What is the units digit of k(v)?
2
Suppose 2*d - 15 = -d. Suppose 2*y + 176 = -4*h, 4*h + 4*y - d*y + 170 = 0. Let c = h - -67. What is the tens digit of c?
2
Let a(b) = 3*b**2 + 4*b - 2. Let n(c) = c + 17. Let m be n(-14). Let s = 6 - m. What is the units digit of a(s)?
7
Suppose 2*i - 42*g + 39*g = 1013, 5*g + 5 = 0. What is the units digit of i?
5
Let y(v) = -3*v + 2. Suppose -4*j - 5*i - 11 = 15, 18 = -4*j - i. Let w be -3 - (3 - (-12)/j). What is the units digit of y(w)?
1
Let x = 16 + -27. Suppose g + 5*j + 21 = 3*g, 4*g + 3*j - 29 = 0. Let o = g - x. What is the tens digit of o?
1
Let c = 84 - 72. Suppose 17*r = c*r + 165. What is the units digit of r?
3
Let c(m) = m**3 + 3*m**2 - 6*m - 5. Let d be c(-4). Suppose 4*y - d*y = 19. Let a = 41 - y. What is the tens digit of a?
2
Let i(v) = -97*v**2 + 7*v + 12. Let u be i(6). What is the units digit of (-5)/1 + u/(-18)?
6
Suppose -925 = -b - 45. What is the units digit of b/(-64)*(-2 - 2)?
5
Suppose 21*y - w - 2942 = 20*y, 0 = 3*y - 5*w - 8826. What is the thousands digit of y?
2
Let v = -61 - -188. Let m(x) = -22*x + 3. Let s be m(-3). Let l = v - s. What is the tens digit of l?
5
Suppose 3485 = 8*x + 389. What is the hundreds digit of x?
3
Suppose o - 5*g = 139, 5*o - 2*g - 853 + 227 = 0. What is the tens digit of o?
2
Suppose 0 = -3*i + 4*s + 154, 5*s + 121 = 4*i - 84. What is the units digit of i?
0
Suppose 82*x - 98339 - 89441 = 0. What is the hundreds digit of x?
2
Let s(y) be the second derivative of 7*y**4/12 + y**3/3 + 2*y**2 + 32*y + 1. What is the tens digit of s(-2)?
2
Suppose 4*o - 1245 = -0*o - 5*x, 3*o + 3*x - 933 = 0. What is the units digit of (o/(-20))/(2/(-4))?
1
Let d(j) = -202*j + 73. What is the units digit of d(-3)?
9
What is the hundreds digit of (1*2 - (-39 - -48)) + 1679?
6
Let c = 419 + -226. What is the tens digit of c?
9
Suppose -5868 = 570*l - 579*l. What is the tens digit of l?
5
Let o(t) = -t**3 - 24*t**2 + 15*t + 9. Let y(i) = -i**3 - 23*i**2 + 16*i + 10. Let l(x) = 6*o(x) - 7*y(x). What is the units digit of l(-18)?
6
What is the hundreds digit of ((-397 - -2) + 3)*(-2)/4?
1
Suppose 5*m - 2*n - 4173 = 2753, n - 6932 = -5*m. What is the tens digit of m?
8
Let b = -26 + 28. What is the units digit of ((-13)/b*-10)/1?
5
Suppose 3*s - o - 10 = 0, -7 = -s - 2*s - 2*o. Suppose -4*h - 14 = s*w - 42, -5*w = -h - 16. What is the units digit of h?
4
Let w = -107 + 109. Suppose -2*l = o - 133, -4*o + 782 = w*l + 256. What is the tens digit of o?
3
Suppose 1597 = -3*b + 7*b - 3*g, -g - 799 = -2*b. What is the tens digit of b?
0
Let h = -188 - -332. What is the hundreds digit of h?
1
Suppose 0 = 4*z + h - 18, -13 = -3*z + 2*z + 4*h. Suppose 172 = 4*n - 5*c, 0*n + z*c - 215 = -5*n. What is the units digit of n?
3
Let m = 24 + -45. Let o = m + 22. Let b = o - -27. What is the units digit of b?
8
Let z(j) = -j**3 + 8*j**2 - 9*j + 6. Let u be z(7). Let m = -11 + u. Let p = -12 - m. What is the units digit of p?
7
Suppose -s + y + 543 = -479, -4*y = 2*s - 2050. What is the tens digit of s?
2
What is the units digit of (-30204)/(-27)*15/10?
8
Let q(p) = -173*p + 109. What is the thousands digit of q(-6)?
1
Let h(z) = -2*z - 21. Let p(s) = -s**3 - 6*s**2 + 6*s - 2. Let y be p(-7). Suppose y*w + 60 = w. What is the units digit of h(w)?
9
Let k(l) = -2*l**3 - l**2 - 4 + 3*l**3 + l**2. Let s be k(3). Let v = -3 + s. What is the tens digit of v?
2
Suppose 1573 = -4*j - m, 2*m = -5*j + m - 1965. Let t = -231 - j. What is the units digit of t?
1
Let l = 279 + -156. Suppose -v + n = -2*n - l, -2*v + 258 = -2*n. What is the tens digit of v?
3
Suppose -27*y + 32*y = -5. Let x(v) = 196*v**2 - 5*v - 6. What is the hundreds digit of x(y)?
1
Suppose -3*x = -5*f + 30, -2*f - 4*x - 4 = 10. Let z be 1*2 + (40 - 38). Suppose -l + 3*h = l - z, 11 = f*l - 2*h. What is the units digit of l?
5
Let p be (3 - (-56)/(-21))/(2/(-138)). Suppose -4*u - 112 = -308. Let b = p + u. What is the units digit of b?
6
Let o = 3 - 1. Suppose o*a + 2*a - 112 = -4*h, 4*h - 2*a = 94. Let c = h + -3. What is the tens digit of c?
2
Suppose 54 = 4*k - o, -5*o + 17 + 21 = 2*k. What is the units digit of k?
4
Suppose 159 = 3*d + 3*c, -3*d + 164 = -4*c + 2*c. What is the tens digit of d?
5
Suppose -6*g + 3*g = -24. Suppose -9 = -g*a + 87. What is the tens digit of a?
1
Suppose -4*x - 1054 = -2*g + g, -4*g = 3*x - 4159. What is the tens digit of g?
4
Let t be (-2)/(-5) - (-18)/30. Let s be (-1 - t)*(1 - -2). What is the units digit of 10 - (-3 + 0 - s)?
7
Let l be 3 - (-38)/57*6/4. Suppose -5*c + 916 = -4*v, -3*c + 3*v + 553 = l*v. What is the units digit of c?
4
Suppose 2*i = -5*x - 19, -2*i - 29 = -5*i + 4*x. Let r(u) = -u**3 + 5*u**2 - 4*u - 1. What is the units digit of r(i)?
5
Let n be 968 + ((-6)/(-3))/(-2). Suppose 4*w + 731 = -2*t + 2625, 2*w = -5*t + n. What is the units digit of w/15 + 2/(-5)?
1
Suppose w = -2*k + 61, k = -k - 4*w + 46. Suppose -5*f + k = -0*v + 4*v, 0 = 3*f - 4*v - 7. Suppose f*b - 100 = b. What is the tens digit of b?
2
Suppose 2*m - 854 = o - 2895, m + 6143 = 3*o. What is the thousands digit of o?
2
Suppose 17*p - 76 = 21*p. Let a = p - -18. What is the tens digit of 33 - (-6)/2*a?
3
Suppose 0 = -4*a + 6*a - 76. Let g = a + 62. What is the tens digit of g?
0
Let l(m) be the second derivative of -2*m**2 + 2/3*m**3 + 1/2*m**4 + 2*m + 0 - 1/20*m**5. What is the units digit of l(3)?
5
What is the units digit of 1163 - ((-10 - -3 - -4) + -2)?
8
Suppose 0*k = k - 1. What is the tens digit of (k*-1 + -5)/(38/(-855))?
3
Let l = -79 - -81. Let f(p) = -p**2 + 8*p - 2. Let b be f(7). Suppose -s + z + 41 = l*z, -23 = -s + b*z. What is the tens digit of s?
3
Let f(z) = 12*z. Let l be f(-5). Let m = l - -98. What is the tens digit of m?
3
Suppose -h + 4*h = -3*w - 39, 0 = -3*h + w - 23. Let r(a) = -2*a - 13. Let x be r(h). Suppose -3*b + x = -1. What is the units digit of b?
2
Suppose -4 